NOAA-style Climate Reports

Select a Year or Month report
V/Λ2017 > Jan Feb Mar Apr May Jun Jul Aug Sep Oct Nov Dec
V/Λ2016 > Jan Feb Mar Apr May Jun Jul Aug Sep Oct Nov Dec
V/Λ2015 > Jan Feb Mar Apr May Jun Jul Aug Sep Oct Nov Dec
V/Λ2014 > Jan Feb Mar Apr May Jun Jul Aug Sep Oct Nov Dec

Report for 2017 Jun
                   Monthly Climatological Summary for Jun 2017

Name: Horley Weather Station   City: Horley, Surrey   State: United Kingdom
Elevation: 60 m  Lat: N 51 10 32   Lon: W 000 09 41

                  Temperature (°C), Rain (mm), Wind Speed (kts)

                                      Heat  Cool        Avg
    Mean                              Deg   Deg         Wind                 Dom
Day Temp  High   Time   Low    Time   Days  Days  Rain  Speed High   Time    Dir
----------------------------------------------------------------------------------
01  18.4  25.2   16:27  11.1   03:57   2.3   2.4   0.0   1.2  15.6   15:36     S
02  19.4  26.0   13:25  14.8   06:22   1.0   2.1   0.2   1.5  20.9   13:50   SSE
03  15.9  21.4   15:17   8.8   05:11   3.1   0.7   0.0   1.8  17.4   14:03    NW
04  15.1  19.7   15:14  10.6   05:21   3.4   0.1   0.0   3.5  24.3   09:39     S
05  13.7  18.3   14:41   9.6   08:10   4.6   0.0  29.0   7.1  34.8   23:37     S
06  13.0  16.9   16:51  10.1   10:00   5.3   0.0   1.4   5.7  31.3   19:47     W
07  15.5  19.9   16:37  13.1   00:20   2.9   0.1   0.6   4.7  26.1   11:16   SSW
08  15.2  18.2   17:53  11.9   05:44   3.1   0.0   7.4   3.1  26.1   12:08     S
09  16.2  20.4   16:13  12.8   02:28   2.4   0.3   0.0   2.9  24.3   09:13     S
10  18.8  22.2   14:12  16.2   01:15   0.7   1.3   0.0   4.4  27.8   12:04     S
11  16.2  22.3   13:24  10.9   04:45   3.0   0.8   0.0   3.5  29.5   15:31     S
12  14.7  20.1   17:44   8.7   05:24   3.8   0.2   0.0   1.5  17.4   12:39   WSW
13  17.9  25.3   17:17  10.4   05:24   2.2   1.9   0.0   0.7  12.2   13:41   WNW
14  20.5  26.8   14:40  13.2   05:24   1.2   3.4   0.0   1.6  15.6   13:22   SSE
15  17.6  24.4   14:19  11.1   04:39   2.5   1.9   0.0   3.0  19.1   11:01   WNW
16  19.0  24.1   17:33  13.9   04:40   1.1   1.8   0.0   1.6  20.9   11:48   NNW
17  22.4  29.7   14:46  14.8   04:56   0.6   4.8   0.0   0.9  12.2   14:22   SSW
18  23.5  31.9   16:21  15.2   05:16   0.5   5.7   0.0   0.9  13.9   13:39     S
19  24.1  32.3   16:17  14.8   05:24   0.5   6.3   0.0   0.4  12.2   12:14   SSW
20  22.9  31.8   17:08  15.2   04:52   0.6   5.2   0.0   0.3  12.2   18:50    SE
21  25.0  33.4   14:58  17.9   06:51   0.0   6.7   0.0   1.7  13.9   15:41     S
22  18.1  24.1   13:33  12.1   04:43   1.8   1.5   3.2   1.8  20.9   14:37     W
23  18.7  23.1   14:34  16.1   00:41   0.8   1.2   0.0   3.1  19.1   10:34   SSW
24  17.8  22.1   16:31  14.3   05:04   1.1   0.7   0.0   2.7  20.9   15:51   SSW
25  17.3  23.1   14:42  11.7   05:37   1.9   0.9   0.0   1.7  22.6   16:57   SSW
26  18.7  25.9   17:16  13.0   01:29   1.6   2.0   0.0   0.7  13.9   10:19   SSE
27  17.1  21.7   12:14  14.9   03:54   1.7   0.5  29.8   0.2   8.7   10:36   ENE
----------------------------------------------------------------------------------
    18.2  33.4    21     8.7    12    53.7  52.5  71.6   2.3  34.8     5     SSW

Max >=  27.0  5
Max <=   0.0  0
Min <=   0.0  0
Min <= -18.0  0
Max Rain: 29.8 on day 27
Days of Rain: 7 (>= 0.2 mm)  4 (>= 2.0 mm)  2 (>= 20.0 mm)
Heat Base: 18.3  Cool Base: 18.3  Method: Integration
 ☁ home ☁ gauges ☁ graphs ☁ today ☁ yesterday ☁ this month ☁ this year ☁ 
 ☁ forecasts ☁ records ☁ monthly records ☁ climate data ☁ charts ☁ 
 ☁ Earth ☁ lightning ☁ radar ☁ satellite ☁ rivers ☁ forum ☁